sor of 924 and 214995.
33
What is the highest common factor of 27 and 7461?
9
What is the greatest common divisor of 1440 and 81?
9
What is the highest common divisor of 2439 and 164226?
813
Calculate the highest common factor of 335 and 539015.
335
What is the greatest common divisor of 7392 and 5012?
28
What is the highest common divisor of 970 and 1256?
2
What is the greatest common factor of 7007 and 1969?
11
What is the greatest common factor of 42468 and 36?
12
What is the highest common divisor of 279 and 2457?
9
Calculate the greatest common factor of 3 and 9768.
3
What is the highest common divisor of 31896 and 5232?
24
What is the highest common divisor of 4476194 and 218?
218
What is the highest common divisor of 29103 and 1635?
327
What is the highest common divisor of 4744915 and 7?
7
What is the greatest common divisor of 223755 and 105?
105
Calculate the highest common factor of 257300 and 600.
100
What is the greatest common divisor of 909 and 15857?
101
What is the highest common divisor of 160 and 10060?
20
Calculate the highest common factor of 1292735 and 1880.
235
What is the highest common factor of 918 and 3299751?
459
What is the highest common divisor of 7807 and 10339?
211
Calculate the highest common divisor of 21373 and 1827.
29
Calculate the highest common divisor of 74 and 8944898.
74
Calculate the greatest common divisor of 40 and 124300.
20
What is the greatest common divisor of 40 and 12680?
40
Calculate the highest common factor of 8959250 and 50.
50
What is the greatest common divisor of 363146 and 14?
14
Calculate the highest common divisor of 10569 and 3497.
13
What is the highest common factor of 12873035 and 245?
245
What is the highest common divisor of 1436725 and 1138?
569
Calculate the greatest common factor of 294780 and 420.
60
Calculate the greatest common divisor of 2420 and 20.
20
Calculate the highest common divisor of 30008 and 87604.
484
What is the highest common factor of 189 and 228669?
21
What is the greatest common factor of 1625 and 741?
13
What is the greatest common divisor of 360 and 8070?
30
Calculate the greatest common divisor of 7777 and 13433.
707
Calculate the highest common divisor of 104 and 40066.
26
Calculate the highest common divisor of 1662600 and 204.
204
What is the greatest common factor of 19455 and 2430?
15
Calculate the greatest common factor of 12306 and 18.
6
What is the highest common divisor of 38679 and 3?
3
What is the greatest common divisor of 2700 and 114500?
100
What is the highest common factor of 63500 and 508?
508
Calculate the highest common divisor of 172 and 42716.
4
Calculate the greatest common factor of 359 and 202117.
359
What is the highest common factor of 31 and 25389?
31
Calculate the highest common factor of 105461 and 124871.
647
Calculate the highest common factor of 363 and 33275.
121
What is the greatest common factor of 311309 and 2509?
193
What is the highest common factor of 1494826 and 218?
218
What is the highest common factor of 17187 and 153?
51
What is the highest common divisor of 39 and 341016?
39
Calculate the greatest common factor of 11409363 and 357.
357
Calculate the highest common factor of 617577 and 834.
417
Calculate the greatest common factor of 148231 and 2951.
227
What is the highest common divisor of 5133 and 464?
29
Calculate the highest common divisor of 3139073 and 2555.
511
Calculate the highest common factor of 10721 and 284.
71
What is the greatest common divisor of 13041 and 6237?
567
Calculate the highest common factor of 168 and 145856.
8
What is the greatest common factor of 250 and 919825?
25
Calculate the greatest common factor of 11 and 1310419.
11
Calculate the greatest common divisor of 24 and 2934732.
12
Calculate the greatest common divisor of 57201 and 345.
69
What is the highest common factor of 170 and 1003?
17
Calculate the greatest common factor of 76156 and 1422.
158
Calculate the highest common factor of 1148 and 133373.
41
Calculate the greatest common divisor of 6181 and 1631.
7
What is the highest common divisor of 92302 and 406?
14
Calculate the greatest common divisor of 16458 and 3.
3
Calculate the highest common divisor of 3964 and 4.
4
Calculate the highest common divisor of 7692989 and 1186.
593
What is the highest common divisor of 500 and 2793250?
250
Calculate the highest common factor of 6656 and 55224.
104
Calculate the highest common factor of 5833 and 133.
19
Calculate the greatest common divisor of 508010 and 222.
74
What is the greatest common factor of 18560 and 170?
10
Calculate the greatest common divisor of 268 and 21909.
67
What is the highest common divisor of 8604 and 414?
18
Calculate the highest common divisor of 85459 and 187.
187
What is the highest common factor of 14 and 12026?
14
What is the greatest common divisor of 413425 and 46?
23
Calculate the highest common divisor of 676380 and 40.
20
What is the highest common factor of 18582 and 3420?
114
What is the highest common divisor of 57541 and 33?
11
What is the greatest common factor of 141 and 3337?
47
Calculate the greatest common divisor of 34601 and 1.
1
Calculate the greatest common divisor of 394032 and 120.
24
What is the greatest common factor of 2456472 and 2280?
456
What is the greatest common divisor of 1631136 and 156?
156
Calculate the greatest common divisor of 14157 and 127655.
121
What is the highest common divisor of 102875 and 1625?
125
What is the highest common factor of 895 and 591595?
895
What is the highest common factor of 54 and 147078?
18
What is the highest common factor of 185431 and 107?
107
Calculate the greatest common divisor of 1575 and 3825.
225
Calculate the greatest common factor of 1056 and 40392.
264
What is the greatest common divisor of 1702 and 465497?
851
What is the greatest common divisor of 18 and 8577?
9
Calculate the highest common factor of 720 and 278280.
360
What is the greatest common factor of 7566 and 59946?
582
Calculate the greatest common factor of 189802 and 774.
86
Calculate the highest common divisor of 872 and 54718.
218
What is the highest common divisor of 873 and 315?
9
What is the highest common factor of 7695 and 41715?
405
What is the greatest common factor of 2 and 19735?
1
Calculate the highest common divisor of 21182 and 34.
34
What is the greatest common divisor of 951531 and 147?
147
What is the greatest common factor of 14 and 375088?
14
Calculate the highest common divisor of 14162 and 2134.
194
Calculate the greatest common factor of 4745 and 2860.
65
What is the highest common divisor of 358 and 1148106?
358
Calculate the greatest common divisor of 380 and 120.
20
What is the greatest common factor of 18520 and 5?
5
Calculate the highest common divisor of 1 and 3767.
1
What is the highest common divisor of 105 and 255885?
105
Calculate the greatest common divisor of 200880 and 868.
124
What is the greatest common divisor of 546 and 7956?
78
Calculate the highest common divisor of 2152 and 336788.
1076
Calculate the greatest common factor of 79007 and 1504.
47
Calculate the highest common factor of 2115 and 20727.
423
What is the greatest common divisor of 8004 and 5568?
348
Calculate the greatest common divisor of 4011 and 336.
21
What is the greatest common factor of 39 and 88868?
13
Calculate the highest common divisor of 1449 and 1008.
63
Calculate the highest common factor of 18051 and 231.
33
Calculate the highest common divisor of 11 and 157553.
11
What is the highest common divisor of 326982 and 6?
6
Calculate the greatest common factor of 1118 and 1376.
86
What is the greatest common factor of 5246 and 86?
86
Calculate the greatest common factor of 2309320 and 1040.
520
Calculate the highest common divisor of 60 and 8740.
20
Calculate the highest common factor of 430014 and 26.
26
What is the greatest common divisor of 55389 and 222?
111
What is the highest common divisor of 154 and 51194?
22
Calculate the greatest common factor of 195 and 201695.
65
Calculate the highest common factor of 711 and 1270557.
711
Calculate the highest common factor of 436062 and 594.
66
What is the greatest common factor of 1544 and 281780?
772
What is the highest common factor of 14313 and 129?
3
What is the highest common factor of 20 and 